
Let s(j) = j**3 + j - 82. Let f be s(0). Let h = f - -146. Calculate the remainder when h is divided by 22.
20
Let n(c) = c + 19. Suppose -2*z + 6 = -0*z, 4*x - 4*z - 132 = 0. Calculate the remainder when x is divided by n(0).
17
Let l = 54 + 47. What is the remainder when l is divided by 26?
23
Let r(o) = 3*o**2 - 3*o + 2. Let z be (-1992)/104 + (-2)/(-13). Let f = 32 + z. What is the remainder when r(-3) is divided by f?
12
Suppose -2 = -3*u + 16. Let k = u - 2. Calculate the remainder when (0 - -156)*k/8 is divided by 20.
18
Let t = -10 - -15. Suppose 11 + 0 = 2*b + t*a, 0 = 2*b - 3*a - 3. What is the remainder when 11 is divided by b?
2
Let a = 31 - -2. Calculate the remainder when a is divided by 6.
3
Suppose 80 = -2*j + 12*j. Suppose 95 + 61 = 3*q. Suppose 0 = -6*s + 2*s + q. What is the remainder when s is divided by j?
5
Suppose 4*y - z - 888 = 0, -165 = 2*y + 5*z - 587. Calculate the remainder when y is divided by 56.
53
Let k(n) = n**2 + 5*n + 3. Let o be k(-3). Let r = 3 - 0. What is the remainder when 26/(-9)*o*r is divided by 14?
12
Suppose 0 = 2*t + h - 23 - 27, 0 = -3*t - h + 77. What is the remainder when t is divided by 6?
3
Let j = 6 + -10. Let k(r) = -r**2 - 7*r + 4. What is the remainder when 29 is divided by k(j)?
13
Suppose 0*j = -6*j + 36. What is the remainder when j is divided by 4?
2
Let w = -4 - -5. Let j = w + 4. Suppose -j*v + 44 = -v. Calculate the remainder when 21 is divided by v.
10
Let l(z) = z**2 + 2*z + 2. Let g be l(-2). Suppose g*c - 44 = -2. What is the remainder when c is divided by 11?
10
Let p be (-35)/(-2) - (-2)/(-4). Suppose -v = -0*v - p. Suppose i = 5*o + 64, 0 = -2*o - 3 - 3. Calculate the remainder when i is divided by v.
15
Suppose 0 = 5*o + z, 0*o = -5*o + 2*z + 15. Let w = o - -6. What is the remainder when w is divided by 3?
1
Let a = 15 + -8. What is the remainder when 27 is divided by a?
6
Let a(w) = w - 1. Let p be a(-6). Let v = p + 9. What is the remainder when 7 is divided by v/(12/(-9))*-2?
1
Suppose -5*p + 27 = -163. Let h(z) be the first derivative of z**4/4 + 7*z**3/3 + 2*z**2 + 8*z + 2. Calculate the remainder when p is divided by h(-6).
18
Let d be 30 - (-2 + 0)/(-1). Suppose 3*s = 3*t + 17 + d, -t + 4 = 0. Let n(q) = q**3 - 2*q**2 - 5*q - 2. Calculate the remainder when s is divided by n(4).
9
Let o = 119 + -26. Let s = o - 44. What is the remainder when s is divided by 25?
24
Let x(d) = -4*d**2 - d. Let t be x(1). Let y(z) = 8*z**3 + 6*z**2 - 3*z + 1. Let u be y(t). Calculate the remainder when 4/10 - u/15 is divided by 19.
18
Let l = 62 + -45. Calculate the remainder when l is divided by 13.
4
Let g(v) = -v - 3. Let n be g(-6). Suppose 4*r + r = -3*y + 16, -n*y + 10 = 2*r. What is the remainder when 39/(-6)*r*-1 is divided by 8?
5
Let z(w) = -14*w**2 - w + 1. Let i(q) = -q + 1. Let p(o) = 2*i(o) - z(o). Calculate the remainder when 26 is divided by p(1).
12
Let s = 17 - 7. What is the remainder when 29 is divided by s?
9
Let m(v) = v**2 - 7*v + 4 - 7 + 12. What is the remainder when 33 is divided by m(8)?
16
Let f = 50 - 37. Suppose 5 = -j + a, -25 = j - 2*a - 3*a. Suppose 5*h - h - 20 = j. What is the remainder when f is divided by h?
3
Suppose -n + 80 = n. Suppose b + 20 = 3*c - 0*b, -n = -3*c + 5*b. Suppose 214 = c*x + 29. What is the remainder when x is divided by 13?
11
Let d = -5 + -1. Let w(h) = -h**3 - 6*h**2 + 7. What is the remainder when 25 is divided by w(d)?
4
Suppose -t - 140 = -5*t. Let u(n) = 17*n + 1. Calculate the remainder when u(1) is divided by (-2)/(-7) + 340/t.
8
Let s = 8 + -6. Let z = s + 1. Let t(p) = 2*p. Calculate the remainder when 16 is divided by t(z).
4
Let n = 8 - 5. Let j = -1 - n. Let u(p) = p**2 - p. What is the remainder when u(j) is divided by 11?
9
Suppose -2*y - 23 = -p, 3*p - 5 = y + 74. Let u = -2 - -17. Calculate the remainder when p is divided by u.
12
Let n(w) = -w**3 + 7*w**2 + 4*w + 27. Calculate the remainder when n(7) is divided by 14.
13
Let h be 1/(-3) + 10/(-6). Let z = 7 + h. Suppose -n - 144 = -z*n. Calculate the remainder when n is divided by 19.
17
Suppose 3*l - 6*l = -3*n + 9, -5*n - 3*l = -47. Suppose -n = -2*k + 1. What is the remainder when 9 is divided by k?
1
Let c(m) = 3*m**2 - 3*m - 2. Let v = -3 - -6. What is the remainder when c(v) is divided by 6?
4
Calculate the remainder when 78 is divided by -2 + (1 - 3) + 31.
24
Let k = 116 - 85. What is the remainder when k is divided by 9?
4
Let h(k) = k**3 + 4*k**2 - k - 1. Let w(i) = 8*i - 93. What is the remainder when h(-2) is divided by w(12)?
0
Suppose -22 = -2*w - 2. Let f = -35 - -95. What is the remainder when w is divided by 2/3 + f/18?
2
Let s = 227 - 174. Let h(b) = 11*b**3 - b**2 + b. What is the remainder when s is divided by h(1)?
9
Suppose i - 7 = y + 6, i + 2 = 4*y. Calculate the remainder when i is divided by 10.
8
Suppose 5*d + 439 = 4*j + 4*d, 3*j - 358 = -5*d. Calculate the remainder when j is divided by 16.
15
Let s = 357 + -352. What is the remainder when 1*((-2)/2 + 18) is divided by s?
2
Suppose 37 = m + 12. Calculate the remainder when 71 is divided by m.
21
Let c(b) be the third derivative of -b**6/120 + b**5/60 + b**4/12 + b**3/3 - 8*b**2. What is the remainder when 37 is divided by c(-2)?
7
Suppose 4*s - 41 + 9 = 0. Calculate the remainder when s is divided by 2.
0
Suppose -2*z + 7 = -1. Suppose -z = 5*m + 1, 0 = x - 5*m - 153. Suppose 4 = w - 2*v - 33, -4*w = -2*v - x. What is the remainder when w is divided by 13?
11
Suppose -6*g = -4*g - 16. What is the remainder when 29 is divided by g?
5
Suppose -5*c = -2*v - 2, -c + 6 + 4 = 2*v. Suppose h - 5*t = -2*h + 152, -v*h - 5*t = -156. Let z = 82 - 59. Calculate the remainder when h is divided by z.
21
Let o(r) be the first derivative of -5*r**2/2 - 3*r - 4. Calculate the remainder when 33 is divided by o(-3).
9
Suppose -3*a + 63 = 2*o, 2*a - a = 5*o + 38. Let d = a + -13. What is the remainder when d is divided by 6?
4
Suppose 5*z = 534 - 14. Suppose 4*i + 3*c = z, i - 2*i + c + 33 = 0. Calculate the remainder when i is divided by 10.
9
Let o(k) = -8*k - 24. What is the remainder when o(-13) is divided by ((-12)/4)/(1/(-9))?
26
Suppose 4*c + 5*y - 85 = 0, 0*y - 78 = -4*c + 2*y. Let v = c + -3. Suppose r - 39 = -2*r - 4*a, 3*a + 9 = 2*r. Calculate the remainder when v is divided by r.
8
Suppose 2*u + 0*u - 36 = 0. Calculate the remainder when 51 is divided by u.
15
Let d(g) be the third derivative of g**5/60 + g**4/6 - 5*g**3/6 + 3*g**2. Let h be d(-5). Suppose h*p = -5*p + 80. What is the remainder when p is divided by 9?
7
Let k = -2 + 17. Let j(w) = -6*w - 1. What is the remainder when j(-5) is divided by k?
14
Let s = 115 + -66. Calculate the remainder when s is divided by 25.
24
Let n = 0 - -1. Suppose p - 3 = -n. Suppose 41 = p*a - 3. What is the remainder when a is divided by 12?
10
Let d(a) = -a - 1. Let v(o) = o**2 - o + 21. Let h(t) = -2*d(t) + v(t). What is the remainder when h(0) is divided by 12?
11
Suppose -u + 2*u = 10. Let b = 2 + u. Calculate the remainder when 45 is divided by b.
9
Let l(o) = 9*o - 47. Calculate the remainder when 24 is divided by l(6).
3
Suppose 2*k - 4 = 26. Calculate the remainder when 41 is divided by k.
11
Let q = 27 + 37. Calculate the remainder when q is divided by 11.
9
Suppose -48 = 5*s - 123. Suppose 2*z + s = 45. Calculate the remainder when z is divided by 9.
6
Let d = 23 - 14. Calculate the remainder when (-3)/6*(-92)/2 is divided by d.
5
Let m = -10 - -8. Calculate the remainder when 36 is divided by m*(-3)/(-6) + 14.
10
Let m(o) be the third derivative of 1/60*o**5 + 2*o**3 - 7/24*o**4 + 0 + 0*o - o**2. Calculate the remainder when 59 is divided by m(8).
19
Let c = 60 - 40. What is the remainder when 56 is divided by c?
16
What is the remainder when (-1)/(3/(-9)) - -92 is divided by 24?
23
Let v = -50 + 61. Calculate the remainder when 75 is divided by v.
9
Suppose 12 = -b + 5*b + 3*p, -3*p - 3 = -b. Suppose 27 + b = 2*x. Calculate the remainder when (0 - 129)*2/(-6) is divided by x.
13
Suppose 179 = 4*y - 125. What is the remainder when ((-18)/8)/(-3)*y is divided by 15?
12
Let j be 2/3*9/6. Suppose -1 - j = -2*t. What is the remainder when 1 is divided by t?
0
Let c(q) = 9*q**3 + 5*q**2 + 15*q - 4. Let x(v) = -5*v**3 - 2*v**2 - 8*v + 2. Le